{"id":36,"date":"2021-11-25T12:43:20","date_gmt":"2021-11-25T12:43:20","guid":{"rendered":"https:\/\/brand1.com.br\/cielo\/?page_id=36"},"modified":"2022-08-18T00:20:41","modified_gmt":"2022-08-18T00:20:41","slug":"instituto","status":"publish","type":"page","link":"https:\/\/brand1.com.br\/cielo\/instituto\/","title":{"rendered":"Instituto"},"content":{"rendered":"<div class=\"wpb-content-wrapper\"><section class=\"l-section wpb_row  hide_on_tablets height_auto\"><div class=\"l-section-h i-cf\"><div class=\"g-cols vc_row via_flex valign_top type_default stacking_default\"><div class=\"vc_col-sm-12 wpb_column vc_column_container\"><div class=\"vc_column-inner\"><div class=\"wpb_wrapper\"><\/div><\/div><\/div><\/div><\/div><\/section><section class=\"l-section wpb_row us_custom_f43306a6 height_medium\"><div class=\"l-section-h i-cf\"><div class=\"g-cols vc_row via_flex valign_top type_default stacking_default\"><div class=\"vc_col-sm-12 wpb_column vc_column_container\"><div class=\"vc_column-inner\"><div class=\"wpb_wrapper\"><div class=\"wpb_text_column us_custom_ff4c2274 has_text_color us_animate_this\"><div class=\"wpb_wrapper\"><h1>Instituto<\/h1>\n<\/div><\/div><\/div><\/div><\/div><\/div><\/div><\/section><section class=\"l-section wpb_row height_medium\"><div class=\"l-section-h i-cf\"><div class=\"g-cols vc_row via_flex valign_top type_default stacking_default\"><div class=\"vc_col-sm-12 wpb_column vc_column_container\"><div class=\"vc_column-inner\"><div class=\"wpb_wrapper\"><div class=\"wpb_text_column us_custom_b945a29a has_text_color us_animate_this\"><div class=\"wpb_wrapper\"><h2><strong>Objetivo\u00a0<\/strong><\/h2>\n<p>Para dar sua contribui\u00e7\u00e3o ao desenvolvimento do esporte tamb\u00e9m fora das competi\u00e7\u00f5es, o campe\u00e3o criou o Instituto Cesar Cielo em 27 de maio de 2010, com a miss\u00e3o de incentivar e promover a pr\u00e1tica e o desenvolvimento da nata\u00e7\u00e3o brasileira.<\/p>\n<p>Com o apoio e supervisa\u0303o do nadador Cesar Cielo, tricampea\u0303o mundial e campea\u0303o oli\u0301mpico, foi criado e desenvolvido O PROJETO NOVOS CIELOS para atrair crianc\u0327as e adolescentes, para que conhec\u0327am e aprendam sobre a natac\u0327a\u0303o, esporte que e\u0301 pouco difundido no Brasil.<\/p>\n<p>O INSTITUTO CESAR CIELO tem como principal objetivo desenvolver projetos sociais esportivos para ajudar na educac\u0327a\u0303o e na pra\u0301tica de atividades fi\u0301sicas regularmente de crianc\u0327as e adolescentes na natac\u0327a\u0303o.<\/p>\n<\/div><\/div><\/div><\/div><\/div><\/div><\/div><\/section><section class=\"l-section wpb_row us_custom_770c44b8  hide_on_default hide_on_laptops hide_on_tablets hide_on_mobiles height_large\"><div class=\"l-section-h i-cf\"><div class=\"g-cols vc_row via_flex valign_top type_default stacking_default\"><div class=\"vc_col-sm-12 wpb_column vc_column_container\"><div class=\"vc_column-inner\"><div class=\"wpb_wrapper\"><div class=\"wpb_text_column us_custom_b39d3fd4 has_text_color\"><div class=\"wpb_wrapper\"><h1 style=\"text-align: center;\"><\/h1>\n<\/div><\/div><\/div><\/div><\/div><\/div><\/div><\/section><section class=\"l-section wpb_row height_medium width_full\"><div class=\"l-section-h i-cf\"><div class=\"g-cols vc_row via_flex valign_top type_default stacking_default\"><div class=\"vc_col-sm-12 wpb_column vc_column_container\"><div class=\"vc_column-inner\"><div class=\"wpb_wrapper\"><div class=\"g-cols wpb_row via_flex valign_top type_boxes stacking_default\"><div class=\"vc_col-sm-6 wpb_column vc_column_container\"><div class=\"vc_column-inner\"><div class=\"wpb_wrapper\"><div class=\"wpb_text_column us_custom_2f8acd4a has_text_color us_animate_this\"><div class=\"wpb_wrapper\"><h2><strong>Projetos do Instituto Cesar Cielo<\/strong><\/h2>\n<p>PROJETO NOVOS CIELOS<\/p>\n<p><em>A vis\u00e3o Global do projeto vai al\u00e9m da pr\u00e1tica esportiva, o PROJETO NOVOS CIELOS tem como objetivo formar campe\u00f5es de cidadania, criando uma oportunidade de um futuro melhor tanto no esporte como na vida profissional dessas crian\u00e7as e adolescentes.<\/em><\/p>\n<p>CL\u00cdNICA NATA\u00c7\u00c3O BASE I<\/p>\n<p>Tem como principal objetivo levar conhecimento e oportunidade para os estados do Brasil. \u00c9 uma cl\u00ednica de nata\u00e7\u00e3o remota em que o campe\u00e3o Cesar Cielo e seu staff treinam e ensinam at\u00e9 100 atletas por edi\u00e7\u00e3o.<\/p>\n<p>No ano I (2022) ser\u00e3o 4 edi\u00e7\u00f5es. No primeiro semestra de 2022 atletas do estado de Sergipe e Rio Grande do Sul tiveram a oportunidade de aprender e nadar com o Cielo. No segundo semestre de 2022, as duas edi\u00e7\u00f5es ser\u00e3o em: Santa Catarina e Rio de Janeiro.<\/p>\n<p>A cl\u00ednica de nata\u00e7\u00e3o promove o esporte em estados e proporciona para as crian\u00e7as de 8 a 18 anos um dia m\u00e1gico com o Cielo. Al\u00e9m de ganharem um kit exclusivo do ICC com: touca, \u00f3culos, bon\u00e9, camiseta, squeeze.<\/p>\n<p>Para mais informa\u00e7\u00f5es visitem o site e instagram.<\/p>\n<p><a href=\"https:\/\/www.institutocesarcielo.com.br\">https:\/\/www.institutocesarcielo.com.br<\/a><\/p>\n<p><a href=\"https:\/\/www.instagram.com\/institutocesarcielo\/\">https:\/\/www.instagram.com\/institutocesarcielo\/<\/a><\/p>\n<\/div><\/div><\/div><\/div><\/div><div class=\"vc_col-sm-6 wpb_column vc_column_container\"><div class=\"vc_column-inner us_custom_54955a12\"><div class=\"wpb_wrapper\"><div class=\"w-image align_none\"><div class=\"w-image-h\"><img loading=\"lazy\" decoding=\"async\" width=\"960\" height=\"596\" src=\"https:\/\/brand1.com.br\/cielo\/wp-content\/uploads\/2022\/07\/instituto-1.png\" class=\"attachment-full size-full\" alt=\"\" srcset=\"https:\/\/brand1.com.br\/cielo\/wp-content\/uploads\/2022\/07\/instituto-1.png 960w, https:\/\/brand1.com.br\/cielo\/wp-content\/uploads\/2022\/07\/instituto-1-300x186.png 300w\" sizes=\"auto, (max-width: 960px) 100vw, 960px\" \/><\/div><\/div><\/div><\/div><\/div><\/div><\/div><\/div><\/div><\/div><\/div><\/section><section class=\"l-section wpb_row height_medium width_full\"><div class=\"l-section-h i-cf\"><div class=\"g-cols vc_row via_flex valign_top type_default stacking_default\"><div class=\"vc_col-sm-12 wpb_column vc_column_container\"><div class=\"vc_column-inner\"><div class=\"wpb_wrapper\"><div class=\"g-cols wpb_row via_flex valign_top type_boxes reversed stacking_default\"><div class=\"vc_col-sm-6 wpb_column vc_column_container  hide_on_default hide_on_laptops hide_on_tablets hide_on_mobiles has_bg_color\"><div class=\"vc_column-inner us_custom_327c61b5\"><div class=\"wpb_wrapper\"><\/div><\/div><\/div><div class=\"vc_col-sm-6 wpb_column vc_column_container  hide_on_default hide_on_laptops hide_on_tablets hide_on_mobiles\"><div class=\"vc_column-inner\"><div class=\"wpb_wrapper\"><div class=\"wpb_text_column us_custom_ad370140 has_text_color us_animate_this\"><div class=\"wpb_wrapper\"><h2><strong>Historia e Conquistas\u00a0<\/strong><\/h2>\n<p>In hac habitasse platea dictumst. Sed finibus, elit id euismod ultricies, odio lectus fringilla diam, tristique dignissim ipsum arcu et tortor. Suspendisse laoreet commodo augue facilisis pellentesque. Fusce egestas dolor quis urna sodales dictum. Nulla varius ac magna vel eleifend. Phasellus rutrum hendrerit venenatis. Curabitur non hendrerit risus. Class aptent taciti sociosqu ad litora torquent per conubia nostra, per inceptos himenaeos. Vivamus suscipit odio sit amet erat dapibus, ac vestibulum sem hendrerit. Vestibulum ornare quam id erat tincidunt, et rhoncus felis pellentesque. Suspendisse sagittis pharetra enim et dignissim. Maecenas porttitor suscipit sapien, eget consectetur orci vehicula eget.<\/p>\n<\/div><\/div><\/div><\/div><\/div><\/div><\/div><\/div><\/div><\/div><\/div><\/section>\n<\/div>","protected":false},"excerpt":{"rendered":"Instituto Objetivo\u00a0 Para dar sua contribui\u00e7\u00e3o ao desenvolvimento do esporte tamb\u00e9m fora das competi\u00e7\u00f5es, o campe\u00e3o criou o Instituto Cesar Cielo em 27 de maio de 2010, com a miss\u00e3o de incentivar e promover a pr\u00e1tica e o desenvolvimento da nata\u00e7\u00e3o brasileira. Com o apoio e supervisa\u0303o do nadador Cesar Cielo, tricampea\u0303o mundial e campea\u0303o...","protected":false},"author":1,"featured_media":0,"parent":0,"menu_order":0,"comment_status":"closed","ping_status":"closed","template":"","meta":{"footnotes":""},"class_list":["post-36","page","type-page","status-publish","hentry"],"_links":{"self":[{"href":"https:\/\/brand1.com.br\/cielo\/wp-json\/wp\/v2\/pages\/36","targetHints":{"allow":["GET"]}}],"collection":[{"href":"https:\/\/brand1.com.br\/cielo\/wp-json\/wp\/v2\/pages"}],"about":[{"href":"https:\/\/brand1.com.br\/cielo\/wp-json\/wp\/v2\/types\/page"}],"author":[{"embeddable":true,"href":"https:\/\/brand1.com.br\/cielo\/wp-json\/wp\/v2\/users\/1"}],"replies":[{"embeddable":true,"href":"https:\/\/brand1.com.br\/cielo\/wp-json\/wp\/v2\/comments?post=36"}],"version-history":[{"count":11,"href":"https:\/\/brand1.com.br\/cielo\/wp-json\/wp\/v2\/pages\/36\/revisions"}],"predecessor-version":[{"id":382,"href":"https:\/\/brand1.com.br\/cielo\/wp-json\/wp\/v2\/pages\/36\/revisions\/382"}],"wp:attachment":[{"href":"https:\/\/brand1.com.br\/cielo\/wp-json\/wp\/v2\/media?parent=36"}],"curies":[{"name":"wp","href":"https:\/\/api.w.org\/{rel}","templated":true}]}}

<div class="wpb-content-wrapper"><section class="l-section wpb_row  hide_on_tablets height_auto"><div class="l-section-h i-cf"><div class="g-cols vc_row via_flex valign_top type_default stacking_default"><div class="vc_col-sm-12 wpb_column vc_column_container"><div class="vc_column-inner"><div class="wpb_wrapper"></div></div></div></div></div></section><section class="l-section wpb_row us_custom_f43306a6 height_medium"><div class="l-section-h i-cf"><div class="g-cols vc_row via_flex valign_top type_default stacking_default"><div class="vc_col-sm-12 wpb_column vc_column_container"><div class="vc_column-inner"><div class="wpb_wrapper"><div class="wpb_text_column us_custom_ff4c2274 has_text_color us_animate_this"><div class="wpb_wrapper"><h1>Instituto</h1>
</div></div></div></div></div></div></div></section><section class="l-section wpb_row height_medium"><div class="l-section-h i-cf"><div class="g-cols vc_row via_flex valign_top type_default stacking_default"><div class="vc_col-sm-12 wpb_column vc_column_container"><div class="vc_column-inner"><div class="wpb_wrapper"><div class="wpb_text_column us_custom_b945a29a has_text_color us_animate_this"><div class="wpb_wrapper"><h2><strong>Objetivo </strong></h2>
<p>Para dar sua contribuição ao desenvolvimento do esporte também fora das competições, o campeão criou o Instituto Cesar Cielo em 27 de maio de 2010, com a missão de incentivar e promover a prática e o desenvolvimento da natação brasileira.</p>
<p>Com o apoio e supervisão do nadador Cesar Cielo, tricampeão mundial e campeão olímpico, foi criado e desenvolvido O PROJETO NOVOS CIELOS para atrair crianças e adolescentes, para que conheçam e aprendam sobre a natação, esporte que é pouco difundido no Brasil.</p>
<p>O INSTITUTO CESAR CIELO tem como principal objetivo desenvolver projetos sociais esportivos para ajudar na educação e na prática de atividades físicas regularmente de crianças e adolescentes na natação.</p>
</div></div></div></div></div></div></div></section><section class="l-section wpb_row us_custom_770c44b8  hide_on_default hide_on_laptops hide_on_tablets hide_on_mobiles height_large"><div class="l-section-h i-cf"><div class="g-cols vc_row via_flex valign_top type_default stacking_default"><div class="vc_col-sm-12 wpb_column vc_column_container"><div class="vc_column-inner"><div class="wpb_wrapper"><div class="wpb_text_column us_custom_b39d3fd4 has_text_color"><div class="wpb_wrapper"><h1 style="text-align: center;"></h1>
</div></div></div></div></div></div></div></section><section class="l-section wpb_row height_medium width_full"><div class="l-section-h i-cf"><div class="g-cols vc_row via_flex valign_top type_default stacking_default"><div class="vc_col-sm-12 wpb_column vc_column_container"><div class="vc_column-inner"><div class="wpb_wrapper"><div class="g-cols wpb_row via_flex valign_top type_boxes stacking_default"><div class="vc_col-sm-6 wpb_column vc_column_container"><div class="vc_column-inner"><div class="wpb_wrapper"><div class="wpb_text_column us_custom_2f8acd4a has_text_color us_animate_this"><div class="wpb_wrapper"><h2><strong>Projetos do Instituto Cesar Cielo</strong></h2>
<p>PROJETO NOVOS CIELOS</p>
<p><em>A visão Global do projeto vai além da prática esportiva, o PROJETO NOVOS CIELOS tem como objetivo formar campeões de cidadania, criando uma oportunidade de um futuro melhor tanto no esporte como na vida profissional dessas crianças e adolescentes.</em></p>
<p>CLÍNICA NATAÇÃO BASE I</p>
<p>Tem como principal objetivo levar conhecimento e oportunidade para os estados do Brasil. É uma clínica de natação remota em que o campeão Cesar Cielo e seu staff treinam e ensinam até 100 atletas por edição.</p>
<p>No ano I (2022) serão 4 edições. No primeiro semestra de 2022 atletas do estado de Sergipe e Rio Grande do Sul tiveram a oportunidade de aprender e nadar com o Cielo. No segundo semestre de 2022, as duas edições serão em: Santa Catarina e Rio de Janeiro.</p>
<p>A clínica de natação promove o esporte em estados e proporciona para as crianças de 8 a 18 anos um dia mágico com o Cielo. Além de ganharem um kit exclusivo do ICC com: touca, óculos, boné, camiseta, squeeze.</p>
<p>Para mais informações visitem o site e instagram.</p>
<p><a href="https://www.institutocesarcielo.com.br">https://www.institutocesarcielo.com.br</a></p>
<p><a href="https://www.instagram.com/institutocesarcielo/">https://www.instagram.com/institutocesarcielo/</a></p>
</div></div></div></div></div><div class="vc_col-sm-6 wpb_column vc_column_container"><div class="vc_column-inner us_custom_54955a12"><div class="wpb_wrapper"><div class="w-image align_none"><div class="w-image-h"><img loading="lazy" decoding="async" width="960" height="596" src="https://brand1.com.br/cielo/wp-content/uploads/2022/07/instituto-1.png" class="attachment-full size-full" alt="" srcset="https://brand1.com.br/cielo/wp-content/uploads/2022/07/instituto-1.png 960w, https://brand1.com.br/cielo/wp-content/uploads/2022/07/instituto-1-300x186.png 300w" sizes="auto, (max-width: 960px) 100vw, 960px" /></div></div></div></div></div></div></div></div></div></div></div></section><section class="l-section wpb_row height_medium width_full"><div class="l-section-h i-cf"><div class="g-cols vc_row via_flex valign_top type_default stacking_default"><div class="vc_col-sm-12 wpb_column vc_column_container"><div class="vc_column-inner"><div class="wpb_wrapper"><div class="g-cols wpb_row via_flex valign_top type_boxes reversed stacking_default"><div class="vc_col-sm-6 wpb_column vc_column_container  hide_on_default hide_on_laptops hide_on_tablets hide_on_mobiles has_bg_color"><div class="vc_column-inner us_custom_327c61b5"><div class="wpb_wrapper"></div></div></div><div class="vc_col-sm-6 wpb_column vc_column_container  hide_on_default hide_on_laptops hide_on_tablets hide_on_mobiles"><div class="vc_column-inner"><div class="wpb_wrapper"><div class="wpb_text_column us_custom_ad370140 has_text_color us_animate_this"><div class="wpb_wrapper"><h2><strong>Historia e Conquistas </strong></h2>
<p>In hac habitasse platea dictumst. Sed finibus, elit id euismod ultricies, odio lectus fringilla diam, tristique dignissim ipsum arcu et tortor. Suspendisse laoreet commodo augue facilisis pellentesque. Fusce egestas dolor quis urna sodales dictum. Nulla varius ac magna vel eleifend. Phasellus rutrum hendrerit venenatis. Curabitur non hendrerit risus. Class aptent taciti sociosqu ad litora torquent per conubia nostra, per inceptos himenaeos. Vivamus suscipit odio sit amet erat dapibus, ac vestibulum sem hendrerit. Vestibulum ornare quam id erat tincidunt, et rhoncus felis pellentesque. Suspendisse sagittis pharetra enim et dignissim. Maecenas porttitor suscipit sapien, eget consectetur orci vehicula eget.</p>
</div></div></div></div></div></div></div></div></div></div></div></section>
</div>

Instituto Objetivo  Para dar sua contribuição ao desenvolvimento do esporte também fora das competições, o campeão criou o Instituto Cesar Cielo em 27 de maio de 2010, com a missão de incentivar e promover a prática e o desenvolvimento da natação brasileira. Com o apoio e supervisão do nadador Cesar Cielo, tricampeão mundial e campeão...
