{"id":34,"date":"2021-11-25T12:43:08","date_gmt":"2021-11-25T12:43:08","guid":{"rendered":"https:\/\/brand1.com.br\/cielo\/?page_id=34"},"modified":"2022-08-18T00:06:32","modified_gmt":"2022-08-18T00:06:32","slug":"cielinho-2","status":"publish","type":"page","link":"https:\/\/brand1.com.br\/cielo\/cielinho-2\/","title":{"rendered":"Cielinho"},"content":{"rendered":"<div class=\"wpb-content-wrapper\"><section class=\"l-section wpb_row  hide_on_tablets height_auto\"><div class=\"l-section-h i-cf\"><div class=\"g-cols vc_row via_flex valign_top type_default stacking_default\"><div class=\"vc_col-sm-12 wpb_column vc_column_container\"><div class=\"vc_column-inner\"><div class=\"wpb_wrapper\"><\/div><\/div><\/div><\/div><\/div><\/section><section class=\"l-section wpb_row us_custom_04b0987b height_medium\"><div class=\"l-section-h i-cf\"><div class=\"g-cols vc_row via_flex valign_top type_default stacking_default\"><div class=\"vc_col-sm-12 wpb_column vc_column_container\"><div class=\"vc_column-inner\"><div class=\"wpb_wrapper\"><div class=\"wpb_text_column us_custom_ff4c2274 has_text_color us_animate_this\"><div class=\"wpb_wrapper\"><h1>Cielinho<\/h1>\n<\/div><\/div><\/div><\/div><\/div><\/div><\/div><\/section><section class=\"l-section wpb_row height_medium\"><div class=\"l-section-h i-cf\"><div class=\"g-cols vc_row via_flex valign_top type_default stacking_default\"><div class=\"vc_col-sm-12 wpb_column vc_column_container\"><div class=\"vc_column-inner\"><div class=\"wpb_wrapper\"><div class=\"wpb_text_column us_custom_b945a29a has_text_color us_animate_this\"><div class=\"wpb_wrapper\"><h2><strong>Para os futuros campe\u00f5es\u00a0<\/strong><\/h2>\n<p>Em 2022, Cielo lan\u00e7ou uma linha de nata\u00e7\u00e3o infantil, com mai\u00f4s, sungas e toucas para crian\u00e7as e adolescentes de 4 a 12 anos. Agora, os pequenos nadadores podem encontrar produtos para mergulharem de cabe\u00e7a no mundo da nata\u00e7\u00e3o para se tornarem futuros campe\u00f5es.<\/p>\n<p>A turma do Cielinho veio para inspirar pessoas a praticarem atividades f\u00edsicas e a buscarem uma vida mais saud\u00e1vel e levar divers\u00e3o \u00e0s crian\u00e7as. N\u00f3s acreditamos que o nosso pa\u00eds pode se transformar atrav\u00e9s do esporte.<\/p>\n<\/div><\/div><\/div><\/div><\/div><\/div><\/div><\/section><section class=\"l-section wpb_row us_custom_770c44b8  hide_on_default hide_on_laptops hide_on_tablets hide_on_mobiles height_large\"><div class=\"l-section-h i-cf\"><div class=\"g-cols vc_row via_flex valign_top type_default stacking_default\"><div class=\"vc_col-sm-12 wpb_column vc_column_container\"><div class=\"vc_column-inner\"><div class=\"wpb_wrapper\"><div class=\"wpb_text_column us_custom_b39d3fd4 has_text_color\"><div class=\"wpb_wrapper\"><h1 style=\"text-align: center;\"><\/h1>\n<\/div><\/div><\/div><\/div><\/div><\/div><\/div><\/section><section class=\"l-section wpb_row height_medium width_full\"><div class=\"l-section-h i-cf\"><div class=\"g-cols vc_row via_flex valign_top type_default stacking_default\"><div class=\"vc_col-sm-12 wpb_column vc_column_container\"><div class=\"vc_column-inner\"><div class=\"wpb_wrapper\"><div class=\"g-cols wpb_row via_flex valign_top type_boxes reversed stacking_default\"><div class=\"vc_col-sm-6 wpb_column vc_column_container has_bg_color\"><div class=\"vc_column-inner us_custom_12910de8\"><div class=\"wpb_wrapper\"><\/div><\/div><\/div><div class=\"vc_col-sm-6 wpb_column vc_column_container\"><div class=\"vc_column-inner\"><div class=\"wpb_wrapper\"><div class=\"wpb_text_column us_custom_ad370140 has_text_color us_animate_this\"><div class=\"wpb_wrapper\"><h2><strong>Artista\u00a0<\/strong><\/h2>\n<p>Cielinho e sua turminha foi desenhado pelo grande cartunista Ridaut Jr, respons\u00e1vel por dar a vida ao inesquec\u00edvel personagem Senninha, baseado na vida de Ayrton Senna.<\/p>\n<p>Conhe\u00e7a mais o Cielinho e sua turminha: <a href=\"https:\/\/www.instagram.com\/cielinhooficial\/\">https:\/\/www.instagram.com\/cielinhooficial\/<\/a><\/p>\n<\/div><\/div><\/div><\/div><\/div><\/div><\/div><\/div><\/div><\/div><\/div><\/section>\n<\/div>","protected":false},"excerpt":{"rendered":"Cielinho Para os futuros campe\u00f5es\u00a0 Em 2022, Cielo lan\u00e7ou uma linha de nata\u00e7\u00e3o infantil, com mai\u00f4s, sungas e toucas para crian\u00e7as e adolescentes de 4 a 12 anos. Agora, os pequenos nadadores podem encontrar produtos para mergulharem de cabe\u00e7a no mundo da nata\u00e7\u00e3o para se tornarem futuros campe\u00f5es. A turma do Cielinho veio para inspirar...","protected":false},"author":1,"featured_media":0,"parent":0,"menu_order":0,"comment_status":"closed","ping_status":"closed","template":"","meta":{"footnotes":""},"class_list":["post-34","page","type-page","status-publish","hentry"],"_links":{"self":[{"href":"https:\/\/brand1.com.br\/cielo\/wp-json\/wp\/v2\/pages\/34","targetHints":{"allow":["GET"]}}],"collection":[{"href":"https:\/\/brand1.com.br\/cielo\/wp-json\/wp\/v2\/pages"}],"about":[{"href":"https:\/\/brand1.com.br\/cielo\/wp-json\/wp\/v2\/types\/page"}],"author":[{"embeddable":true,"href":"https:\/\/brand1.com.br\/cielo\/wp-json\/wp\/v2\/users\/1"}],"replies":[{"embeddable":true,"href":"https:\/\/brand1.com.br\/cielo\/wp-json\/wp\/v2\/comments?post=34"}],"version-history":[{"count":20,"href":"https:\/\/brand1.com.br\/cielo\/wp-json\/wp\/v2\/pages\/34\/revisions"}],"predecessor-version":[{"id":375,"href":"https:\/\/brand1.com.br\/cielo\/wp-json\/wp\/v2\/pages\/34\/revisions\/375"}],"wp:attachment":[{"href":"https:\/\/brand1.com.br\/cielo\/wp-json\/wp\/v2\/media?parent=34"}],"curies":[{"name":"wp","href":"https:\/\/api.w.org\/{rel}","templated":true}]}}

<div class="wpb-content-wrapper"><section class="l-section wpb_row  hide_on_tablets height_auto"><div class="l-section-h i-cf"><div class="g-cols vc_row via_flex valign_top type_default stacking_default"><div class="vc_col-sm-12 wpb_column vc_column_container"><div class="vc_column-inner"><div class="wpb_wrapper"></div></div></div></div></div></section><section class="l-section wpb_row us_custom_04b0987b height_medium"><div class="l-section-h i-cf"><div class="g-cols vc_row via_flex valign_top type_default stacking_default"><div class="vc_col-sm-12 wpb_column vc_column_container"><div class="vc_column-inner"><div class="wpb_wrapper"><div class="wpb_text_column us_custom_ff4c2274 has_text_color us_animate_this"><div class="wpb_wrapper"><h1>Cielinho</h1>
</div></div></div></div></div></div></div></section><section class="l-section wpb_row height_medium"><div class="l-section-h i-cf"><div class="g-cols vc_row via_flex valign_top type_default stacking_default"><div class="vc_col-sm-12 wpb_column vc_column_container"><div class="vc_column-inner"><div class="wpb_wrapper"><div class="wpb_text_column us_custom_b945a29a has_text_color us_animate_this"><div class="wpb_wrapper"><h2><strong>Para os futuros campeões </strong></h2>
<p>Em 2022, Cielo lançou uma linha de natação infantil, com maiôs, sungas e toucas para crianças e adolescentes de 4 a 12 anos. Agora, os pequenos nadadores podem encontrar produtos para mergulharem de cabeça no mundo da natação para se tornarem futuros campeões.</p>
<p>A turma do Cielinho veio para inspirar pessoas a praticarem atividades físicas e a buscarem uma vida mais saudável e levar diversão às crianças. Nós acreditamos que o nosso país pode se transformar através do esporte.</p>
</div></div></div></div></div></div></div></section><section class="l-section wpb_row us_custom_770c44b8  hide_on_default hide_on_laptops hide_on_tablets hide_on_mobiles height_large"><div class="l-section-h i-cf"><div class="g-cols vc_row via_flex valign_top type_default stacking_default"><div class="vc_col-sm-12 wpb_column vc_column_container"><div class="vc_column-inner"><div class="wpb_wrapper"><div class="wpb_text_column us_custom_b39d3fd4 has_text_color"><div class="wpb_wrapper"><h1 style="text-align: center;"></h1>
</div></div></div></div></div></div></div></section><section class="l-section wpb_row height_medium width_full"><div class="l-section-h i-cf"><div class="g-cols vc_row via_flex valign_top type_default stacking_default"><div class="vc_col-sm-12 wpb_column vc_column_container"><div class="vc_column-inner"><div class="wpb_wrapper"><div class="g-cols wpb_row via_flex valign_top type_boxes reversed stacking_default"><div class="vc_col-sm-6 wpb_column vc_column_container has_bg_color"><div class="vc_column-inner us_custom_12910de8"><div class="wpb_wrapper"></div></div></div><div class="vc_col-sm-6 wpb_column vc_column_container"><div class="vc_column-inner"><div class="wpb_wrapper"><div class="wpb_text_column us_custom_ad370140 has_text_color us_animate_this"><div class="wpb_wrapper"><h2><strong>Artista </strong></h2>
<p>Cielinho e sua turminha foi desenhado pelo grande cartunista Ridaut Jr, responsável por dar a vida ao inesquecível personagem Senninha, baseado na vida de Ayrton Senna.</p>
<p>Conheça mais o Cielinho e sua turminha: <a href="https://www.instagram.com/cielinhooficial/">https://www.instagram.com/cielinhooficial/</a></p>
</div></div></div></div></div></div></div></div></div></div></div></section>
</div>

Cielinho Para os futuros campeões  Em 2022, Cielo lançou uma linha de natação infantil, com maiôs, sungas e toucas para crianças e adolescentes de 4 a 12 anos. Agora, os pequenos nadadores podem encontrar produtos para mergulharem de cabeça no mundo da natação para se tornarem futuros campeões. A turma do Cielinho veio para inspirar...
