{"id":300,"date":"2022-07-22T19:47:00","date_gmt":"2022-07-22T19:47:00","guid":{"rendered":"https:\/\/brand1.com.br\/cielo\/?page_id=300"},"modified":"2022-08-18T00:22:18","modified_gmt":"2022-08-18T00:22:18","slug":"programa-cc","status":"publish","type":"page","link":"https:\/\/brand1.com.br\/cielo\/programa-cc\/","title":{"rendered":"Programa CC"},"content":{"rendered":"<div class=\"wpb-content-wrapper\"><section class=\"l-section wpb_row  hide_on_tablets height_auto\"><div class=\"l-section-h i-cf\"><div class=\"g-cols vc_row via_flex valign_top type_default stacking_default\"><div class=\"vc_col-sm-12 wpb_column vc_column_container\"><div class=\"vc_column-inner\"><div class=\"wpb_wrapper\"><\/div><\/div><\/div><\/div><\/div><\/section><section class=\"l-section wpb_row us_custom_8470bf69 height_medium\"><div class=\"l-section-h i-cf\"><div class=\"g-cols vc_row via_flex valign_top type_default stacking_default\"><div class=\"vc_col-sm-12 wpb_column vc_column_container\"><div class=\"vc_column-inner\"><div class=\"wpb_wrapper\"><div class=\"wpb_text_column us_custom_ff4c2274 has_text_color us_animate_this\"><div class=\"wpb_wrapper\"><h1>Programa<br \/>\nCesar Cielo<\/h1>\n<\/div><\/div><\/div><\/div><\/div><\/div><\/div><\/section><section class=\"l-section wpb_row height_medium\"><div class=\"l-section-h i-cf\"><div class=\"g-cols vc_row via_flex valign_top type_default stacking_default\"><div class=\"vc_col-sm-12 wpb_column vc_column_container\"><div class=\"vc_column-inner\"><div class=\"wpb_wrapper\"><div class=\"wpb_text_column us_custom_b945a29a has_text_color us_animate_this\"><div class=\"wpb_wrapper\"><h2><strong>O Programa\u00a0<\/strong><\/h2>\n<p>O Programa Cesar Cielo, em parceria com a empresa FITY, tem como objetivo: incentivar a pr\u00e1tica e a qualifica\u00e7\u00e3o da nata\u00e7\u00e3o brasileira por meio de aulas em ensino fundamental e m\u00e9dio e condom\u00ednios.<\/p>\n<p>O foco n\u00e3o \u00e9 apenas o ensino da nata\u00e7\u00e3o para as crian\u00e7as, adolescentes e adultos, mas o desenvolvimento profissional dos professores que far\u00e3o parte do programa.<\/p>\n<\/div><\/div><\/div><\/div><\/div><\/div><\/div><\/section><section class=\"l-section wpb_row us_custom_770c44b8  hide_on_default hide_on_laptops hide_on_tablets hide_on_mobiles height_large\"><div class=\"l-section-h i-cf\"><div class=\"g-cols vc_row via_flex valign_top type_default stacking_default\"><div class=\"vc_col-sm-12 wpb_column vc_column_container\"><div class=\"vc_column-inner\"><div class=\"wpb_wrapper\"><div class=\"wpb_text_column us_custom_b39d3fd4 has_text_color\"><div class=\"wpb_wrapper\"><h1 style=\"text-align: center;\"><\/h1>\n<\/div><\/div><\/div><\/div><\/div><\/div><\/div><\/section><section class=\"l-section wpb_row height_medium width_full\"><div class=\"l-section-h i-cf\"><div class=\"g-cols vc_row via_flex valign_top type_default stacking_default\"><div class=\"vc_col-sm-12 wpb_column vc_column_container\"><div class=\"vc_column-inner\"><div class=\"wpb_wrapper\"><div class=\"g-cols wpb_row via_flex valign_top type_boxes stacking_default\"><div class=\"vc_col-sm-6 wpb_column vc_column_container\"><div class=\"vc_column-inner\"><div class=\"wpb_wrapper\"><div class=\"wpb_text_column us_custom_2f8acd4a has_text_color us_animate_this\"><div class=\"wpb_wrapper\"><h2><strong>Diferencial\u00a0<\/strong><\/h2>\n<p>\u00c9 um modelo pr\u00f3prio de neg\u00f3cios, valorizando a qualidade de entrega e de servi\u00e7o que tem como diferencial o treinamento direto dos professores pela Fity e a empresa Cesar Cielo, o que possibilita continuar entregando servi\u00e7o de qualidade e ter a certeza que os alunos do programa n\u00e3o treinem com professores que n\u00e3o sejam do programa.<\/p>\n<p>O Programa conta com aulas e treinos de nata\u00e7\u00e3o para crian\u00e7as e adolescentes do n\u00edvel inicial ao treinamento. Ao todo s\u00e3o 6 est\u00e1gios para o nadador se desenvolver e se aperfei\u00e7oar na piscina. Cada est\u00e1gio tem perman\u00eancia m\u00ednima de 6 meses. E antes, de iniciar no Programa, cada crian\u00e7a e adolescente faz uma avalia\u00e7\u00e3o para saber em qual n\u00edvel ir\u00e1 come\u00e7ar, para que assim, treine com outros atletas do mesmo n\u00edvel e n\u00e3o ter disparidade no dia-a-dia.<\/p>\n<p>Para mais informa\u00e7\u00f5es: <a href=\"https:\/\/fity.com.br\/fity-e-cesar-cielo-fazem-parceria\/\">https:\/\/fity.com.br\/fity-e-cesar-cielo-fazem-parceria\/<\/a><\/p>\n<\/div><\/div><\/div><\/div><\/div><div class=\"vc_col-sm-6 wpb_column vc_column_container\"><div class=\"vc_column-inner us_custom_54955a12\"><div class=\"wpb_wrapper\"><div class=\"w-image align_none\"><div class=\"w-image-h\"><img loading=\"lazy\" decoding=\"async\" width=\"960\" height=\"596\" src=\"https:\/\/brand1.com.br\/cielo\/wp-content\/uploads\/2022\/07\/instituto-1.jpg\" class=\"attachment-full size-full\" alt=\"\" srcset=\"https:\/\/brand1.com.br\/cielo\/wp-content\/uploads\/2022\/07\/instituto-1.jpg 960w, https:\/\/brand1.com.br\/cielo\/wp-content\/uploads\/2022\/07\/instituto-1-300x186.jpg 300w\" sizes=\"auto, (max-width: 960px) 100vw, 960px\" \/><\/div><\/div><\/div><\/div><\/div><\/div><\/div><\/div><\/div><\/div><\/div><\/section><section class=\"l-section wpb_row height_medium width_full\"><div class=\"l-section-h i-cf\"><div class=\"g-cols vc_row via_flex valign_top type_default stacking_default\"><div class=\"vc_col-sm-12 wpb_column vc_column_container\"><div class=\"vc_column-inner\"><div class=\"wpb_wrapper\"><div class=\"g-cols wpb_row via_flex valign_top type_boxes reversed stacking_default\"><div class=\"vc_col-sm-6 wpb_column vc_column_container  hide_on_default hide_on_laptops hide_on_tablets hide_on_mobiles has_bg_color\"><div class=\"vc_column-inner us_custom_327c61b5\"><div class=\"wpb_wrapper\"><\/div><\/div><\/div><div class=\"vc_col-sm-6 wpb_column vc_column_container  hide_on_default hide_on_laptops hide_on_tablets hide_on_mobiles\"><div class=\"vc_column-inner\"><div class=\"wpb_wrapper\"><div class=\"wpb_text_column us_custom_ad370140 has_text_color us_animate_this\"><div class=\"wpb_wrapper\"><h2><strong>Historia e Conquistas\u00a0<\/strong><\/h2>\n<p>In hac habitasse platea dictumst. Sed finibus, elit id euismod ultricies, odio lectus fringilla diam, tristique dignissim ipsum arcu et tortor. Suspendisse laoreet commodo augue facilisis pellentesque. Fusce egestas dolor quis urna sodales dictum. Nulla varius ac magna vel eleifend. Phasellus rutrum hendrerit venenatis. Curabitur non hendrerit risus. Class aptent taciti sociosqu ad litora torquent per conubia nostra, per inceptos himenaeos. Vivamus suscipit odio sit amet erat dapibus, ac vestibulum sem hendrerit. Vestibulum ornare quam id erat tincidunt, et rhoncus felis pellentesque. Suspendisse sagittis pharetra enim et dignissim. Maecenas porttitor suscipit sapien, eget consectetur orci vehicula eget.<\/p>\n<\/div><\/div><\/div><\/div><\/div><\/div><\/div><\/div><\/div><\/div><\/div><\/section>\n<\/div>","protected":false},"excerpt":{"rendered":"Programa Cesar Cielo O Programa\u00a0 O Programa Cesar Cielo, em parceria com a empresa FITY, tem como objetivo: incentivar a pr\u00e1tica e a qualifica\u00e7\u00e3o da nata\u00e7\u00e3o brasileira por meio de aulas em ensino fundamental e m\u00e9dio e condom\u00ednios. O foco n\u00e3o \u00e9 apenas o ensino da nata\u00e7\u00e3o para as crian\u00e7as, adolescentes e adultos, mas o...","protected":false},"author":2,"featured_media":0,"parent":0,"menu_order":0,"comment_status":"closed","ping_status":"closed","template":"","meta":{"footnotes":""},"class_list":["post-300","page","type-page","status-publish","hentry"],"_links":{"self":[{"href":"https:\/\/brand1.com.br\/cielo\/wp-json\/wp\/v2\/pages\/300","targetHints":{"allow":["GET"]}}],"collection":[{"href":"https:\/\/brand1.com.br\/cielo\/wp-json\/wp\/v2\/pages"}],"about":[{"href":"https:\/\/brand1.com.br\/cielo\/wp-json\/wp\/v2\/types\/page"}],"author":[{"embeddable":true,"href":"https:\/\/brand1.com.br\/cielo\/wp-json\/wp\/v2\/users\/2"}],"replies":[{"embeddable":true,"href":"https:\/\/brand1.com.br\/cielo\/wp-json\/wp\/v2\/comments?post=300"}],"version-history":[{"count":9,"href":"https:\/\/brand1.com.br\/cielo\/wp-json\/wp\/v2\/pages\/300\/revisions"}],"predecessor-version":[{"id":383,"href":"https:\/\/brand1.com.br\/cielo\/wp-json\/wp\/v2\/pages\/300\/revisions\/383"}],"wp:attachment":[{"href":"https:\/\/brand1.com.br\/cielo\/wp-json\/wp\/v2\/media?parent=300"}],"curies":[{"name":"wp","href":"https:\/\/api.w.org\/{rel}","templated":true}]}}

<div class="wpb-content-wrapper"><section class="l-section wpb_row  hide_on_tablets height_auto"><div class="l-section-h i-cf"><div class="g-cols vc_row via_flex valign_top type_default stacking_default"><div class="vc_col-sm-12 wpb_column vc_column_container"><div class="vc_column-inner"><div class="wpb_wrapper"></div></div></div></div></div></section><section class="l-section wpb_row us_custom_8470bf69 height_medium"><div class="l-section-h i-cf"><div class="g-cols vc_row via_flex valign_top type_default stacking_default"><div class="vc_col-sm-12 wpb_column vc_column_container"><div class="vc_column-inner"><div class="wpb_wrapper"><div class="wpb_text_column us_custom_ff4c2274 has_text_color us_animate_this"><div class="wpb_wrapper"><h1>Programa<br />
Cesar Cielo</h1>
</div></div></div></div></div></div></div></section><section class="l-section wpb_row height_medium"><div class="l-section-h i-cf"><div class="g-cols vc_row via_flex valign_top type_default stacking_default"><div class="vc_col-sm-12 wpb_column vc_column_container"><div class="vc_column-inner"><div class="wpb_wrapper"><div class="wpb_text_column us_custom_b945a29a has_text_color us_animate_this"><div class="wpb_wrapper"><h2><strong>O Programa </strong></h2>
<p>O Programa Cesar Cielo, em parceria com a empresa FITY, tem como objetivo: incentivar a prática e a qualificação da natação brasileira por meio de aulas em ensino fundamental e médio e condomínios.</p>
<p>O foco não é apenas o ensino da natação para as crianças, adolescentes e adultos, mas o desenvolvimento profissional dos professores que farão parte do programa.</p>
</div></div></div></div></div></div></div></section><section class="l-section wpb_row us_custom_770c44b8  hide_on_default hide_on_laptops hide_on_tablets hide_on_mobiles height_large"><div class="l-section-h i-cf"><div class="g-cols vc_row via_flex valign_top type_default stacking_default"><div class="vc_col-sm-12 wpb_column vc_column_container"><div class="vc_column-inner"><div class="wpb_wrapper"><div class="wpb_text_column us_custom_b39d3fd4 has_text_color"><div class="wpb_wrapper"><h1 style="text-align: center;"></h1>
</div></div></div></div></div></div></div></section><section class="l-section wpb_row height_medium width_full"><div class="l-section-h i-cf"><div class="g-cols vc_row via_flex valign_top type_default stacking_default"><div class="vc_col-sm-12 wpb_column vc_column_container"><div class="vc_column-inner"><div class="wpb_wrapper"><div class="g-cols wpb_row via_flex valign_top type_boxes stacking_default"><div class="vc_col-sm-6 wpb_column vc_column_container"><div class="vc_column-inner"><div class="wpb_wrapper"><div class="wpb_text_column us_custom_2f8acd4a has_text_color us_animate_this"><div class="wpb_wrapper"><h2><strong>Diferencial </strong></h2>
<p>É um modelo próprio de negócios, valorizando a qualidade de entrega e de serviço que tem como diferencial o treinamento direto dos professores pela Fity e a empresa Cesar Cielo, o que possibilita continuar entregando serviço de qualidade e ter a certeza que os alunos do programa não treinem com professores que não sejam do programa.</p>
<p>O Programa conta com aulas e treinos de natação para crianças e adolescentes do nível inicial ao treinamento. Ao todo são 6 estágios para o nadador se desenvolver e se aperfeiçoar na piscina. Cada estágio tem permanência mínima de 6 meses. E antes, de iniciar no Programa, cada criança e adolescente faz uma avaliação para saber em qual nível irá começar, para que assim, treine com outros atletas do mesmo nível e não ter disparidade no dia-a-dia.</p>
<p>Para mais informações: <a href="https://fity.com.br/fity-e-cesar-cielo-fazem-parceria/">https://fity.com.br/fity-e-cesar-cielo-fazem-parceria/</a></p>
</div></div></div></div></div><div class="vc_col-sm-6 wpb_column vc_column_container"><div class="vc_column-inner us_custom_54955a12"><div class="wpb_wrapper"><div class="w-image align_none"><div class="w-image-h"><img loading="lazy" decoding="async" width="960" height="596" src="https://brand1.com.br/cielo/wp-content/uploads/2022/07/instituto-1.jpg" class="attachment-full size-full" alt="" srcset="https://brand1.com.br/cielo/wp-content/uploads/2022/07/instituto-1.jpg 960w, https://brand1.com.br/cielo/wp-content/uploads/2022/07/instituto-1-300x186.jpg 300w" sizes="auto, (max-width: 960px) 100vw, 960px" /></div></div></div></div></div></div></div></div></div></div></div></section><section class="l-section wpb_row height_medium width_full"><div class="l-section-h i-cf"><div class="g-cols vc_row via_flex valign_top type_default stacking_default"><div class="vc_col-sm-12 wpb_column vc_column_container"><div class="vc_column-inner"><div class="wpb_wrapper"><div class="g-cols wpb_row via_flex valign_top type_boxes reversed stacking_default"><div class="vc_col-sm-6 wpb_column vc_column_container  hide_on_default hide_on_laptops hide_on_tablets hide_on_mobiles has_bg_color"><div class="vc_column-inner us_custom_327c61b5"><div class="wpb_wrapper"></div></div></div><div class="vc_col-sm-6 wpb_column vc_column_container  hide_on_default hide_on_laptops hide_on_tablets hide_on_mobiles"><div class="vc_column-inner"><div class="wpb_wrapper"><div class="wpb_text_column us_custom_ad370140 has_text_color us_animate_this"><div class="wpb_wrapper"><h2><strong>Historia e Conquistas </strong></h2>
<p>In hac habitasse platea dictumst. Sed finibus, elit id euismod ultricies, odio lectus fringilla diam, tristique dignissim ipsum arcu et tortor. Suspendisse laoreet commodo augue facilisis pellentesque. Fusce egestas dolor quis urna sodales dictum. Nulla varius ac magna vel eleifend. Phasellus rutrum hendrerit venenatis. Curabitur non hendrerit risus. Class aptent taciti sociosqu ad litora torquent per conubia nostra, per inceptos himenaeos. Vivamus suscipit odio sit amet erat dapibus, ac vestibulum sem hendrerit. Vestibulum ornare quam id erat tincidunt, et rhoncus felis pellentesque. Suspendisse sagittis pharetra enim et dignissim. Maecenas porttitor suscipit sapien, eget consectetur orci vehicula eget.</p>
</div></div></div></div></div></div></div></div></div></div></div></section>
</div>

Programa Cesar Cielo O Programa  O Programa Cesar Cielo, em parceria com a empresa FITY, tem como objetivo: incentivar a prática e a qualificação da natação brasileira por meio de aulas em ensino fundamental e médio e condomínios. O foco não é apenas o ensino da natação para as crianças, adolescentes e adultos, mas o...
