{"id":30,"date":"2021-11-25T12:42:30","date_gmt":"2021-11-25T12:42:30","guid":{"rendered":"https:\/\/brand1.com.br\/cielo\/?page_id=30"},"modified":"2022-08-21T17:15:37","modified_gmt":"2022-08-21T17:15:37","slug":"palestra","status":"publish","type":"page","link":"https:\/\/brand1.com.br\/cielo\/palestra\/","title":{"rendered":"Palestras"},"content":{"rendered":"<div class=\"wpb-content-wrapper\"><section class=\"l-section wpb_row  hide_on_tablets height_auto\"><div class=\"l-section-h i-cf\"><div class=\"g-cols vc_row via_flex valign_top type_default stacking_default\"><div class=\"vc_col-sm-12 wpb_column vc_column_container\"><div class=\"vc_column-inner\"><div class=\"wpb_wrapper\"><\/div><\/div><\/div><\/div><\/div><\/section><section class=\"l-section wpb_row us_custom_973d7017 height_medium\"><div class=\"l-section-h i-cf\"><div class=\"g-cols vc_row via_flex valign_top type_default stacking_default\"><div class=\"vc_col-sm-12 wpb_column vc_column_container\"><div class=\"vc_column-inner\"><div class=\"wpb_wrapper\"><div class=\"wpb_text_column us_custom_ff4c2274 has_text_color us_animate_this\"><div class=\"wpb_wrapper\"><h1>Palestras<\/h1>\n<\/div><\/div><\/div><\/div><\/div><\/div><\/div><\/section><section class=\"l-section wpb_row height_medium\"><div class=\"l-section-h i-cf\"><div class=\"g-cols vc_row via_flex valign_top type_default stacking_default\"><div class=\"vc_col-sm-12 wpb_column vc_column_container\"><div class=\"vc_column-inner\"><div class=\"wpb_wrapper\"><div class=\"wpb_text_column us_custom_b945a29a has_text_color us_animate_this\"><div class=\"wpb_wrapper\"><p>Palestrante desde 2018 com o foco em vendas, estrat\u00e9gica e lideran\u00e7a, contabilizando mais de 250 palestras. Impactando mais de 100 mil colaboradores de perfis que variam de lideran\u00e7a a campo.<\/p>\n<\/div><\/div><\/div><\/div><\/div><\/div><\/div><\/section><section class=\"l-section wpb_row us_custom_770c44b8  hide_on_default hide_on_laptops hide_on_tablets hide_on_mobiles height_large\"><div class=\"l-section-h i-cf\"><div class=\"g-cols vc_row via_flex valign_top type_default stacking_default\"><div class=\"vc_col-sm-12 wpb_column vc_column_container\"><div class=\"vc_column-inner\"><div class=\"wpb_wrapper\"><div class=\"wpb_text_column us_custom_b39d3fd4 has_text_color\"><div class=\"wpb_wrapper\"><h1 style=\"text-align: center;\"><\/h1>\n<\/div><\/div><\/div><\/div><\/div><\/div><\/div><\/section><section class=\"l-section wpb_row height_medium width_full\"><div class=\"l-section-h i-cf\"><div class=\"g-cols vc_row via_flex valign_top type_default stacking_default\"><div class=\"vc_col-sm-12 wpb_column vc_column_container\"><div class=\"vc_column-inner\"><div class=\"wpb_wrapper\"><div class=\"g-cols wpb_row via_flex valign_top type_boxes reversed stacking_default\"><div class=\"vc_col-sm-6 wpb_column vc_column_container has_bg_color\"><div class=\"vc_column-inner us_custom_266a36c3\"><div class=\"wpb_wrapper\"><\/div><\/div><\/div><div class=\"vc_col-sm-6 wpb_column vc_column_container\"><div class=\"vc_column-inner\"><div class=\"wpb_wrapper\"><div class=\"wpb_text_column us_custom_ad370140 has_text_color us_animate_this\"><div class=\"wpb_wrapper\"><p>Ao longo dos 3 \u00faltimos anos, foram mais de 200 palestras ministradas pelo Brasil e pa\u00edses da America do Sul e Europa.<\/p>\n<p>Cesar Cielo traz sua viv\u00eancia no esporte de alto rendimento e compartilha como conseguiu alcan\u00e7ar seu objetivo e quais s\u00e3o os h\u00e1bitos que moldam a mente de um campe\u00e3o.<\/p>\n<p>Um dos pontos abordados \u00e9: Seja for\u00e7a ativa no alcance da sua alta performance.<\/p>\n<p>&#8211; Como funciona a mente de um campe\u00e3o?<br \/>\n&#8211; Como atingir os seus objetivos?<br \/>\n&#8211; Como superar as adversidades?<br \/>\n&#8211; Como ter foco e n\u00e3o permitir que sentimentos como medo e inseguran\u00e7a apare\u00e7am e interfiram na sua performance?<br \/>\n&#8211; Como controlar pensamentos e impulsos nos momentos mais importantes?<\/p>\n<p>Voc\u00ea pode ser um empres\u00e1rio em busca de tornar a sua empresa a n\u00ba 1 do mercado, um estudante prestando vestibular para uma grande universidade, um corredor amador se dedicando para participar de sua primeira maratona ou uma empresa querendo\u00a0motivar seus funcion\u00e1rios.<\/p>\n<p>Se o seu objetivo \u00e9 melhorar a sua performance, com certeza Cesar Cielo e sua palestra ser\u00e3o uma ferramenta importante e inspira\u00e7\u00e3o para que voc\u00ea alcance os seus objetivos.<\/p>\n<p>Se interessou?<\/p>\n<p>Entre em contato com a equipe Cesar Cielo<\/p>\n<\/div><\/div><\/div><\/div><\/div><\/div><\/div><\/div><\/div><\/div><\/div><\/section>\n<\/div>","protected":false},"excerpt":{"rendered":"Palestras Palestrante desde 2018 com o foco em vendas, estrat\u00e9gica e lideran\u00e7a, contabilizando mais de 250 palestras. Impactando mais de 100 mil colaboradores de perfis que variam de lideran\u00e7a a campo. Ao longo dos 3 \u00faltimos anos, foram mais de 200 palestras ministradas pelo Brasil e pa\u00edses da America do Sul e Europa. Cesar Cielo...","protected":false},"author":1,"featured_media":0,"parent":0,"menu_order":0,"comment_status":"closed","ping_status":"closed","template":"","meta":{"footnotes":""},"class_list":["post-30","page","type-page","status-publish","hentry"],"_links":{"self":[{"href":"https:\/\/brand1.com.br\/cielo\/wp-json\/wp\/v2\/pages\/30","targetHints":{"allow":["GET"]}}],"collection":[{"href":"https:\/\/brand1.com.br\/cielo\/wp-json\/wp\/v2\/pages"}],"about":[{"href":"https:\/\/brand1.com.br\/cielo\/wp-json\/wp\/v2\/types\/page"}],"author":[{"embeddable":true,"href":"https:\/\/brand1.com.br\/cielo\/wp-json\/wp\/v2\/users\/1"}],"replies":[{"embeddable":true,"href":"https:\/\/brand1.com.br\/cielo\/wp-json\/wp\/v2\/comments?post=30"}],"version-history":[{"count":29,"href":"https:\/\/brand1.com.br\/cielo\/wp-json\/wp\/v2\/pages\/30\/revisions"}],"predecessor-version":[{"id":271,"href":"https:\/\/brand1.com.br\/cielo\/wp-json\/wp\/v2\/pages\/30\/revisions\/271"}],"wp:attachment":[{"href":"https:\/\/brand1.com.br\/cielo\/wp-json\/wp\/v2\/media?parent=30"}],"curies":[{"name":"wp","href":"https:\/\/api.w.org\/{rel}","templated":true}]}}

<div class="wpb-content-wrapper"><section class="l-section wpb_row  hide_on_tablets height_auto"><div class="l-section-h i-cf"><div class="g-cols vc_row via_flex valign_top type_default stacking_default"><div class="vc_col-sm-12 wpb_column vc_column_container"><div class="vc_column-inner"><div class="wpb_wrapper"></div></div></div></div></div></section><section class="l-section wpb_row us_custom_973d7017 height_medium"><div class="l-section-h i-cf"><div class="g-cols vc_row via_flex valign_top type_default stacking_default"><div class="vc_col-sm-12 wpb_column vc_column_container"><div class="vc_column-inner"><div class="wpb_wrapper"><div class="wpb_text_column us_custom_ff4c2274 has_text_color us_animate_this"><div class="wpb_wrapper"><h1>Palestras</h1>
</div></div></div></div></div></div></div></section><section class="l-section wpb_row height_medium"><div class="l-section-h i-cf"><div class="g-cols vc_row via_flex valign_top type_default stacking_default"><div class="vc_col-sm-12 wpb_column vc_column_container"><div class="vc_column-inner"><div class="wpb_wrapper"><div class="wpb_text_column us_custom_b945a29a has_text_color us_animate_this"><div class="wpb_wrapper"><p>Palestrante desde 2018 com o foco em vendas, estratégica e liderança, contabilizando mais de 250 palestras. Impactando mais de 100 mil colaboradores de perfis que variam de liderança a campo.</p>
</div></div></div></div></div></div></div></section><section class="l-section wpb_row us_custom_770c44b8  hide_on_default hide_on_laptops hide_on_tablets hide_on_mobiles height_large"><div class="l-section-h i-cf"><div class="g-cols vc_row via_flex valign_top type_default stacking_default"><div class="vc_col-sm-12 wpb_column vc_column_container"><div class="vc_column-inner"><div class="wpb_wrapper"><div class="wpb_text_column us_custom_b39d3fd4 has_text_color"><div class="wpb_wrapper"><h1 style="text-align: center;"></h1>
</div></div></div></div></div></div></div></section><section class="l-section wpb_row height_medium width_full"><div class="l-section-h i-cf"><div class="g-cols vc_row via_flex valign_top type_default stacking_default"><div class="vc_col-sm-12 wpb_column vc_column_container"><div class="vc_column-inner"><div class="wpb_wrapper"><div class="g-cols wpb_row via_flex valign_top type_boxes reversed stacking_default"><div class="vc_col-sm-6 wpb_column vc_column_container has_bg_color"><div class="vc_column-inner us_custom_266a36c3"><div class="wpb_wrapper"></div></div></div><div class="vc_col-sm-6 wpb_column vc_column_container"><div class="vc_column-inner"><div class="wpb_wrapper"><div class="wpb_text_column us_custom_ad370140 has_text_color us_animate_this"><div class="wpb_wrapper"><p>Ao longo dos 3 últimos anos, foram mais de 200 palestras ministradas pelo Brasil e países da America do Sul e Europa.</p>
<p>Cesar Cielo traz sua vivência no esporte de alto rendimento e compartilha como conseguiu alcançar seu objetivo e quais são os hábitos que moldam a mente de um campeão.</p>
<p>Um dos pontos abordados é: Seja força ativa no alcance da sua alta performance.</p>
<p>&#8211; Como funciona a mente de um campeão?<br />
&#8211; Como atingir os seus objetivos?<br />
&#8211; Como superar as adversidades?<br />
&#8211; Como ter foco e não permitir que sentimentos como medo e insegurança apareçam e interfiram na sua performance?<br />
&#8211; Como controlar pensamentos e impulsos nos momentos mais importantes?</p>
<p>Você pode ser um empresário em busca de tornar a sua empresa a nº 1 do mercado, um estudante prestando vestibular para uma grande universidade, um corredor amador se dedicando para participar de sua primeira maratona ou uma empresa querendo motivar seus funcionários.</p>
<p>Se o seu objetivo é melhorar a sua performance, com certeza Cesar Cielo e sua palestra serão uma ferramenta importante e inspiração para que você alcance os seus objetivos.</p>
<p>Se interessou?</p>
<p>Entre em contato com a equipe Cesar Cielo</p>
</div></div></div></div></div></div></div></div></div></div></div></section>
</div>

Palestras Palestrante desde 2018 com o foco em vendas, estratégica e liderança, contabilizando mais de 250 palestras. Impactando mais de 100 mil colaboradores de perfis que variam de liderança a campo. Ao longo dos 3 últimos anos, foram mais de 200 palestras ministradas pelo Brasil e países da America do Sul e Europa. Cesar Cielo...
